4*l + 20. Is m(l) a composite number?
False
Suppose 6*v + 6*v = 33828. Is v a composite number?
False
Let f(a) = 1187*a**2 - 4*a + 4. Is f(1) composite?
False
Let h(d) = d**2 - 7*d + 5. Let i be h(5). Is (11/2)/(i/(-50)) prime?
False
Let g be ((-108)/(-45))/(3/(-10)). Let l(f) = f + 4. Let w be l(g). Is -242*2/w + -2 prime?
False
Suppose 0 = 2*u - 3 - 15. Suppose -1 = -2*r + u. Let x = r - -6. Is x composite?
False
Suppose 5*b - 56 = -2*w + 18, 2*b - 38 = -5*w. Is b prime?
False
Let c = 10 + -6. Suppose 0 = -3*k - c*q + 389, 3*q = -k + 94 + 39. Is k a composite number?
False
Is 3290 + (-7)/(21/(-9)) prime?
False
Let g(l) = -3*l - 3. Let z = 6 + -8. Let a be g(z). Is (a/(-3))/1 - -11 a composite number?
True
Let c(u) = u**3 - 11*u**2 - 10*u + 15. Let d = 17 + -4. Is c(d) a prime number?
True
Let t = 778 - 225. Is t prime?
False
Let f = -20 - -174. Suppose 3*m - 428 - f = 0. Is m prime?
False
Let h(q) = -163*q**3 - q - 1. Is h(-1) a prime number?
True
Suppose 4*w - 2*f = 34, 2*w = -3*w - f + 46. Is 196/w - 8/(-36) a prime number?
False
Let a = -22 + 65. Is a a composite number?
False
Let f be (1 + 1 - -1) + 0. Suppose 0 = -f*g - 14 - 10. Let y = g - -18. Is y a composite number?
True
Suppose -11407 = -7*s + 20884. Is s a prime number?
False
Let u = -3 + 6. Suppose -u*s - s = -220. Is s a composite number?
True
Let y be (1 + 3/5)*10. Suppose -2*t - 4*x = -2, 0 = -3*t - 2*t + x + y. Suppose -2*r = 4*s - 170, -3*s + 271 = t*r - 5*s. Is r prime?
True
Let k(q) = -2*q**3 + 33*q**2 - 11*q + 5. Let w(h) = -h**3 + 16*h**2 - 6*h + 3. Let r(g) = 6*k(g) - 13*w(g). Is r(10) a prime number?
False
Let m be 2/(-8) - 26/16*-2. Suppose 3*g - r + 2*r = 564, g - r - 188 = 0. Suppose -m*w + g = -w. Is w prime?
False
Suppose j + 7 = -0. Let n = 12 - j. Is n composite?
False
Let l be (-27)/(-5) + (-6)/15. Suppose -w + l*k + 72 + 23 = 0, 0 = 5*w + 2*k - 421. Is w prime?
False
Let g be (14/6)/((-10)/(-30)). Let y = 0 - g. Is (-2)/y + (-458)/(-14) prime?
False
Let y = -215 - -370. Is y a prime number?
False
Is (18*772/8)/1 + -2 prime?
False
Suppose 0*q = 5*q + 15, -4*d - 228 = -4*q. Let j = 145 + d. Is j a prime number?
False
Let q be -4 + (-4 - -1936)/4. Is q - 0 - 0/(-5) a prime number?
True
Let r = -555 - -800. Suppose 0*g = -5*v + 5*g + r, -v + 41 = -5*g. Is v a prime number?
False
Let d = 79 - 161. Let s = 120 + d. Is s prime?
False
Let r(a) = a + 4*a - 3 - 3*a + 18*a**2. Let h be r(3). Suppose 2*p = 5*g - h, -2*g - 6*p + 52 = -4*p. Is g a composite number?
False
Let z = 629 - 234. Is z composite?
True
Is 601/9 - 24/(-108) a prime number?
True
Let y(g) be the first derivative of -13*g**4/4 - g**3/3 + g**2 + g + 1. Suppose n - 16 = 3*n + 2*l, 2*n - 4*l = 14. Is y(n) a composite number?
False
Let p(q) = -q**3 + 6*q**2 - 6*q + 11. Is p(-6) prime?
True
Let g = 2739 + -736. Is g a prime number?
True
Is ((-514)/2)/(1 - 2) prime?
True
Suppose 0 = 3*x - 2*x - 20. Let n be 1*57/(0 - -3). Suppose x + n = b. Is b composite?
True
Let n be 90/9*4/(-5). Let r(b) = 7*b**2 + 6*b + 3. Is r(n) composite?
True
Let f be 14*(-3)/(-6) - 3. Suppose -2*s - h + 265 = 0, -2*s - 2*s = -f*h - 524. Suppose 5*g - s = -r, 0 = -r + 4*g + 120 + 57. Is r a composite number?
False
Suppose 4*x + 4 = -3*o - 2, x = -4*o + 5. Let a(c) = -28*c + 35*c - 3 + 36*c. Is a(o) a composite number?
False
Let u be -2 + (-2 + 3)*5. Is 0*(-1)/u - -51 prime?
False
Suppose -3*r = 4*d - 3*d - 2938, -4*r = -d - 3915. Is r a prime number?
False
Let s(y) = 292*y**2 - 2*y - 1. Suppose -8*i + 7*i - 1 = 0. Is s(i) a composite number?
False
Suppose -5*z = -4*f - 0*f - 1379, -f + 841 = 3*z. Suppose 2*q - 4*m - 154 = 0, 3*m - 29 = -4*q + z. Is q composite?
True
Suppose 5*t - 5*q - 50 = 0, -2*t - 3*q = -3 + 8. Suppose 4*s - 399 = -t*d, 2*d - 2*s - 75 - 99 = 0. Is d a composite number?
False
Let g = 17 + -35. Let z be (-1032)/g + (-4)/(-6). Suppose i = -5*a + z, -a - 3*i + 21 - 1 = 0. Is a composite?
False
Suppose 4503 = 15*h - 11232. Is h a composite number?
False
Let j(v) = 13*v - 1. Let a be j(1). Let r be (3 + 1)*6/a. Is -1 - -56 - (r + 0) composite?
False
Let l = 0 - -2. Let p be (-159)/6 - l/4. Let v = 28 - p. Is v prime?
False
Suppose -979 = -n - 5*p, p + 269 = -n + 1248. Is n composite?
True
Let i(f) = 13*f - 28*f - 5*f - 34*f + 1. Is i(-1) composite?
True
Let w(m) = 19*m + 1. Let h(u) = -58*u - 3. Let v(n) = -6*h(n) - 17*w(n). Is v(8) composite?
True
Let g = -1250 + 291. Let z = 1350 + g. Is z prime?
False
Suppose 0 = 2*d + d. Suppose d = -4*x - 4*f + 860, 2*x + 3*x - 1043 = 3*f. Is x composite?
False
Suppose -2*l - 3*v + 2560 = 0, -l + 2*v + 1453 - 166 = 0. Is l a composite number?
False
Suppose 4*u + 5*v = u + 119, -v = -3*u + 131. Is u a prime number?
True
Let g(d) = d**3 + 9*d**2 - 10*d. Let b be g(7). Suppose -1248 = -3*m + 5*t, -b - 921 = -4*m - 3*t. Is m prime?
False
Let g be (422/6)/(2/6). Suppose -4*p - r = -844, 4*r = p + r - g. Is p a prime number?
True
Let p(k) = k + 4. Let z be p(-4). Let m(t) = t + 85. Is m(z) prime?
False
Let h = -18 - -47. Let f = h - -50. Is f a prime number?
True
Suppose -4175 = -5*i - 4*w, 3*w - 2*w = -i + 834. Is i composite?
False
Suppose 0 = 2*r - 0 - 2. Suppose 3*q - 153 = -3*s, q - 1 = r. Is s a composite number?
True
Let s(t) = -t**3 + 6*t**2 - 2*t + 4. Let k be s(6). Let i = k - -12. Suppose i*a = -m + 4*m - 145, 4*m - 192 = 5*a. Is m prime?
True
Suppose 0 = h - 94 - 107. Let y = h + -118. Let x = y - 50. Is x a prime number?
False
Suppose -5*x = -104 + 9. Suppose x = -2*n + 3. Let d = 27 + n. Is d a prime number?
True
Suppose -422 = -2*t + 248. Suppose 5*h - g - 5 = 0, -5*h - 4*g + 9*g + 25 = 0. Suppose r - 7*s + 3*s - 79 = h, 3*s - t = -4*r. Is r prime?
True
Let b be -2 - (0 - 3) - -3. Suppose -70 - 228 = -2*g + b*w, 3*g = 3*w + 441. Is g composite?
True
Suppose 0 = 3*n - i + 20 - 251, -4*n + 310 = -2*i. Suppose a - 18 = n. Is a a composite number?
True
Let x(c) be the third derivative of 0*c - 1/30*c**5 - 1/3*c**3 + 1/120*c**6 + 2*c**2 + 0 + 1/6*c**4. Is x(3) a composite number?
False
Let t = -305 - -462. Is t a prime number?
True
Let g = 1805 - -876. Is g a prime number?
False
Suppose 0 = 3*w + 2*w - 2420. Let d be 4/1 - (2 + -1). Suppose -d*m + 289 = 2*g, -3*m - g + w = 2*m. Is m prime?
True
Let o = -25 + 39. Is o prime?
False
Let b(y) = 55*y**3 - y**2 + y - 1. Let i be b(1). Let a = i - 32. Is a a prime number?
False
Suppose 2*m = 4*a + 150, -m + 3*m = -a + 135. Is m prime?
False
Let u = 0 + 2. Let o(g) = -3 + 0*g - 6*g + g**2 + 0*g**u - g. Is o(9) a composite number?
True
Suppose -c = 5*s - 5, 2*s = c - 3 + 5. Suppose 3*d - 2*d - 5*w - 336 = c, 4*d + 3*w - 1321 = 0. Is d a prime number?
True
Let z be 3 + (2 - 4) - -4. Suppose y - 43 = 2*y - 2*m, -m = -z*y - 206. Let r = y - -78. Is r composite?
False
Suppose 5*l + 2*g - 23 = 0, 0 = 2*l + g - 6*g + 14. Suppose 4*u - l = 3*u. Suppose -u*j = 2*j + 10, 71 = 5*c - 3*j. Is c composite?
False
Let n = 0 - -1. Let y be (-1)/((1/15)/n). Is 3/(-2)*770/y a prime number?
False
Let g(d) = -d**2 + 10*d - 15. Is g(7) composite?
True
Let y(p) = p + 2. Let j be y(0). Suppose 4*n - 4*d = 20, 5*d - j*d = 2*n - 10. Suppose 4*q = -3*u + 85, q + 42 = 4*q - n*u. Is q a composite number?
False
Let r(j) = j**3 + 6*j**2 + 6*j + 3. Let z be r(-5). Let a be (-79)/(-1) + z/1. Let t = a - -2. Is t prime?
True
Let z be 4/6 + (-75)/(-9). Is 4 + -2 + -1 + z a prime number?
False
Is (-2894)/(-6) + 4/(-12) - 3 a composite number?
False
Let i = -15 - -94. Is (i - 0) + 2/(-1) a prime number?
False
Let w(z) be the third derivative of 7*z**5/60 + 5*z**4/24 - 5*z**3/6 - 3*z**2. Is w(-6) composite?
True
Suppose 2*x + 103 - 13 = 0. Is (-2)/9 - 2080/x a composite number?
True
Let s be (-2)/2*(-2)/2. Is (2/4)/(s/42) a composite number?
True
Let i be (-14)/(-3) - (-4)/12. Suppose -2*p - 8 = -i*y, -10 = -7*y + 3*y - 2*p. Suppose 0 = -z - y, 2*x - 4*z = -5*z + 240. Is x a composite number?
True
Suppose 44569 = 13*p + 1136. Is p a composite number?
True
Is (6/(-8))/(3/(-1788)) a composite number?
True
Suppose -v - 3 = -0*v, 17483 = 2*q + v. Is q prime?
False
Let h(s) = 76 - 5*s + 21 + s + 2*s. Is h(0) a prime number?
True
Suppose -2152 = -4*d + 1548. Suppose 0*l = -5*l + d. Is l composite?
True
Suppose -2*j = 368 + 602. Let a = -340 - j. Is a composite?
True
Suppose